?
8
Suppose -4*o + 5*z = -385, 4*z + 115 = o - z. Let g = o - 40. What is the greatest common divisor of g and 20?
10
Let j(g) = 1013*g**3 + 1. Let y be j(1). Suppose f - 497 + 1 = 5*a, 2*f = -a + y. Suppose 0 = 3*o - 55 - f. Calculate the greatest common factor of 17 and o.
17
Let l(m) = m**3 - m**2 - m + 4. Let o be l(0). Suppose -3*x + 52 = 2*r, 2*x - r - 41 = o*r. What is the highest common divisor of 90 and x?
18
Let x = -24 - -17. Let s be (-2)/(-4)*(-3 - x). What is the greatest common divisor of s and 22?
2
Suppose -49 = -4*u + s, -40 = -3*u + 4*s - 0*s. Let g = u + -1. Let k be 4/((-36)/(-33))*33. What is the highest common divisor of k and g?
11
Let j(y) = -y. Let m be j(6). Let l be (-208)/m - 4/(-12). Let k = 1 + l. Calculate the highest common divisor of k and 6.
6
Suppose -5*j + 330 = 5*o, -5*o - 2*j + 4*j + 351 = 0. Calculate the highest common divisor of 23 and o.
23
Let k be -1*6/(-2) + 1. Let d be (-3 - (-2)/(-1)) + 15. What is the greatest common factor of k and d?
2
Let l be 1876/42 - (-4)/(-6). What is the greatest common divisor of 11 and l?
11
Suppose -c = -2*u + 29, 3*u + 2*c + 0*c - 54 = 0. Let h = 94 - 46. What is the greatest common divisor of h and u?
16
Let s(v) = v**3 - 6*v**2 - 6*v - 3. Let m be s(7). What is the highest common factor of m and 44?
4
Let r be 5/5 + -2 + -1. Let o(h) = h**2 - 2*h - 2. Let d be o(r). Calculate the greatest common factor of d and 42.
6
Let o be ((-25)/10)/(2/(-44)). Calculate the highest common factor of 5 and o.
5
Suppose 2*o + o - 118 = -d, -314 = -3*d + o. Suppose -5*k = -d - 139. Calculate the greatest common factor of 7 and k.
7
Suppose 0 = -4*v + 13 + 11. Let y(j) = j**2 - 8*j + 3. Let s be y(8). Suppose -g - s*g = -12. Calculate the highest common factor of v and g.
3
Suppose 9*i + 6 = 10*i. What is the highest common divisor of i and 18?
6
Let d = -4 + 3. Let o be (2 + (-2 - 0))*d. Suppose o = 3*t + 5*n - 312, 3*n + 288 = 2*t + t. Calculate the greatest common factor of 11 and t.
11
Let d be 53/4 - 2/8. Calculate the greatest common factor of 13 and d.
13
Let m = -14 + 12. Let k be m - 1/((-1)/14). What is the highest common divisor of 108 and k?
12
Let u(a) = a - 1. Let m be u(-2). Let g be (m/2)/(4/(-56)). What is the highest common divisor of g and 7?
7
Let w be (-2)/2*(0 + -11). Suppose 0*g + 88 = 2*g. What is the greatest common factor of w and g?
11
Let k = 10 - 1. Let n be (-8)/(-24) - 34/(-6). Calculate the greatest common divisor of k and n.
3
Let s(z) = z**2 + 7*z + 6. Let q be s(-8). Let x = 244 - 103. Let r = x - 57. Calculate the greatest common factor of q and r.
14
Let m = 5 + 9. Suppose -2*d + 196 = -56. What is the highest common factor of m and d?
14
Let r(d) = d**2 + 4*d - 2. Let a be r(-5). Let i be -4 + a - 1*-3. Calculate the greatest common factor of i and 5.
1
Let z be (-1)/((-284)/(-286) + -1). What is the highest common factor of 13 and z?
13
Let v(u) = u + 5. Let k be v(0). Suppose 17 = 3*w + k*g - 53, 3*w - g - 94 = 0. What is the highest common factor of 6 and w?
6
Let q = 1 + 1. Suppose 0 = -x + q. Let i be 344/12 + x/(-3). Calculate the highest common divisor of i and 42.
14
Let q(t) = t**2 - 6*t + 3. Let j be q(7). What is the highest common factor of j and 90?
10
Suppose 5*y - 36 = -t, -8*y + 52 = 2*t - 3*y. Suppose -4*r + 3*c + 190 = 2*c, 0 = -5*r - 3*c + 246. What is the greatest common factor of t and r?
16
Suppose 0 = -5*f + 6*f - 68. What is the highest common factor of 17 and f?
17
Let g(i) = -i**3 - 12*i**2 + 26*i - 13. Let o be g(-14). What is the greatest common divisor of 105 and o?
15
Let p(b) = 13*b**2 - 2*b + 1. Let x(o) = -o**2 - 5*o - 4. Let l be x(-3). Suppose -l*r = r - 3. Let w be p(r). What is the highest common factor of w and 120?
12
Let j(g) = 22*g**2 + 4*g + 3. Let h be j(-2). Suppose w - 3*f - h = 124, -9 = 3*f. What is the greatest common divisor of 18 and w?
18
Suppose 2 = 2*a - 10. Let c be (-1*1)/(a/(-18)). Suppose -c*m - 260 = -7*m. Calculate the greatest common divisor of m and 13.
13
Suppose 0 = -2*d + 3*d - 3. Let a(u) = -u**2 + 2*u + 3. Let h be a(3). Suppose h = -d*z + 27 + 6. What is the highest common factor of z and 88?
11
Let o(y) = y**3 + 4*y**2 + 2*y + 1. Let i be o(-3). Let r be i/(-12)*54/(-3). Calculate the highest common factor of 30 and r.
6
Suppose 2*f + 12 - 108 = 0. Calculate the highest common divisor of f and 120.
24
Suppose 5*d + m = 17, 5*m = 3*d - 30 + 3. Suppose 0 = -4*i + d*c + 108, 4*i - c = 2*c + 111. Calculate the highest common factor of 5 and i.
5
Let a(z) = z. Let l be a(3). Let j(p) = -p**2 - 14*p + 12. Let n be j(-14). Calculate the highest common factor of n and l.
3
Let g be (-1624)/(-18) - 4/18. Suppose 0 = -5*f + 4*f. Suppose 2*a + 8 - 28 = f. Calculate the highest common divisor of g and a.
10
Let l(d) = -2*d**3 - 2*d**2 + 3*d + 2. Let j be l(-2). What is the greatest common divisor of 4 and j?
4
Suppose 0 = 8*s - 3*s + 3*f - 1722, -1348 = -4*s + 5*f. Calculate the greatest common factor of s and 18.
18
Let c be 18 + -2 + (0 - 0). Let p(s) = 61*s + 3. Let o be p(5). Suppose -2*z + o = 52. What is the highest common divisor of z and c?
16
Let f(x) = -x**2 + 16*x - 31. Let j be f(9). What is the greatest common divisor of j and 16?
16
Let a(c) = -13*c. Let k be a(-5). Suppose 16 = -4*x - 2*m, -3*m - 3 - 9 = 0. Let d = x + 15. Calculate the greatest common factor of d and k.
13
Let m be 1*-1 - (36 - 10). Let p be (-117)/m*(-1 + 4). What is the highest common divisor of 91 and p?
13
Let o(t) = 4*t + 5. Let j be o(5). What is the highest common factor of 10 and j?
5
Let a = 3 + 2. Suppose 0 = a*t - 3*y - 6, 0 = -t - 3*t + y + 9. Calculate the highest common divisor of t and 3.
3
Let t = 20 - -22. What is the highest common divisor of 12 and t?
6
Suppose 3*c - 4 = c. Suppose -3*q = c*q. Suppose q*f = 2*f - 80. What is the highest common divisor of f and 8?
8
Suppose q + q = 10. Let y(l) = -l**2 + 6*l - 1. Let j be y(q). Calculate the greatest common factor of j and 1.
1
Let u(b) = 135*b. Let n be u(1). Calculate the greatest common divisor of n and 15.
15
Let f be 3/(-5)*(-2 - 3). Suppose 4*p - 2*w + 68 = 0, -f*w + 22 = -2*p + p. Let x = 104 - p. Calculate the greatest common divisor of x and 20.
20
Suppose 2*d - 5*f - 44 = -0*f, 2*f + 88 = 4*d. Let l be d/99 - 266/(-18). Calculate the highest common factor of 120 and l.
15
Let r(k) = 6*k**2 + 2*k - 3. Let v be r(2). Let c = v - 15. Calculate the highest common factor of 30 and c.
10
Let d(n) = 9*n**3 - 1. Let l be d(1). Suppose -h + 2*q = 6, 2*h + 2*h + 4*q + 12 = 0. Let w = l + h. Calculate the highest common divisor of w and 28.
4
Let r = 263 + -257. Let p be (3 - 2) + (-29)/(-1). Calculate the greatest common divisor of p and r.
6
Suppose -4*l + 7 = -317. What is the highest common divisor of 27 and l?
27
Suppose -3 - 1 = d. Let h = d - -6. Suppose -5*g - 5*y = -35, -h*g = g - y - 29. Calculate the greatest common divisor of 36 and g.
9
Let v(t) be the third derivative of -t**6/120 - t**5/30 + t**4/12 + t**3/6 - 3*t**2. Let f be v(-3). What is the highest common divisor of f and 8?
4
Let l = -14 - -19. Calculate the greatest common divisor of 35 and l.
5
Let m be (1 + (-14)/3)/(5/(-30)). What is the highest common divisor of m and 286?
22
Let j(p) = p. Let o be j(5). Suppose 0*f + 5*f - 2 = 2*k, -5 = -o*f + 5*k. Let q be 7*(f - -6) + 2. Calculate the highest common factor of q and 22.
22
Let g = -6 - -9. Let y be (6/g)/((-6)/(-15)). Suppose -y*s = 2*r - 56, 3*s = -3*r + 12 + 18. What is the greatest common factor of 4 and s?
4
Let q(t) = 13*t**2 + 4*t. Let l be q(-4). Suppose -31 = -4*d - 3. Let n be -4 + d + (22 - 1). What is the highest common divisor of n and l?
24
Let l(v) = -21*v**3 + v**2 + 2*v + 1. Let x be l(-1). Let z = -12 - -5. Let b be (-2)/z + 47/7. What is the highest common divisor of x and b?
7
Suppose 1 = -2*q + 3. Let c be (1 + (1 - 1))*7. What is the greatest common factor of c and q?
1
Let g be (((-2)/(-4))/(-1))/(-1)*8. Calculate the greatest common factor of g and 22.
2
Let m be 4/10 - ((-108)/15)/2. Suppose -2*f = -3*f + 4. What is the highest common factor of f and m?
4
Let z be (-108)/(-24)*(-16)/(-6). What is the highest common factor of z and 18?
6
Let w(s) = s - 3. Let g be w(18). Calculate the g